{"id":61,"date":"2017-11-05T01:52:39","date_gmt":"2017-11-05T01:52:39","guid":{"rendered":"http:\/\/www.waukeganharborcag.com\/?page_id=61"},"modified":"2017-12-08T21:48:45","modified_gmt":"2017-12-08T21:48:45","slug":"pcbs","status":"publish","type":"page","link":"http:\/\/www.waukeganharborcag.com\/?page_id=61","title":{"rendered":"Polychlorinated Biphenyls (PCBs)"},"content":{"rendered":"<p><strong>PCBs \/ Los PCBs<\/strong><\/p>\n<p><strong>What are PCBs?<\/strong><\/p>\n<p>PCBs are a family of complex chemical compounds that were used historically as lubricants, hydraulic fluids, fire retardants and as a component of carbonless copy paper.\u00a0 Production and use of PCBs in the U.S. was banned in 1979, and total PCB concentrations in fish and wildlife have declined.\u00a0 PCBs still remain a problem in some areas of the country.<\/p>\n<p><strong>\u00bfQu\u00e9 son los PCBs?<\/strong><\/p>\n<p>Los PCBs son una familia de qu\u00edmicos complejos compuestos que fueron utilizados hist\u00f3ricamente como lubricantes, flu\u00eddos hidr\u00e1ulicos, retardantes de fuego y como componentes del papel de copia. La producci\u00f3n y el uso de los PCBs en los Estados Unidos fue prohibido en al a\u00f1o 1979 y desde entonces el total de concentraci\u00f3n de PCB en los peces y otra vida salvaje ha disminuido. Sin embargo, los PCBs todav\u00eda existen como problema en algunas \u00e1reas del pa\u00eds.<\/p>\n<p><strong>Why should I be concerned about PCBs?<\/strong><\/p>\n<p>PCBs have been linked to a variety of human health concerns including cancer and birth defects.\u00a0 Developing fetuses and young children are most vulnerable to the effects of PCBs.\u00a0 Therefore, children and women who may become pregnant, are pregnant or are nursing should limit their intake of PCBs.\u00a0 In addition, people who consume large amounts of Great lakes fish are most likely to have high levels of PCB contamination.<\/p>\n<p><strong>\u00bfPor qu\u00e9 debo preocuparme por los PCBs?<\/strong><\/p>\n<p>Los PCBs han sido relacionados a una variedad de problemas de salud en los seres humanos, incluyendo c\u00e1ncer y defectos de nacimiento. Los fetos en desarrollo y los ni\u00f1os peque\u00f1os son los m\u00e1s vulnerables a los efectos de los PCBs. Esto quiere decir que los ni\u00f1os y las mujeres que puedan quedar embarazadas, que est\u00e1n embarazadas, o que est\u00e1n dando de lactar deben limitar su consumo de PCBs. Adem\u00e1s, la gente que consume grandes cantidades de pescado proveniente de los Grandes Lagos est\u00e1 m\u00e1s predispuesta a tener altos niveles de contaminaci\u00f3n de PCB.<\/p>\n<p><strong>How can I minimize my risk of consuming contaminated fish?<\/strong><\/p>\n<p>By making informed decisions about what types of fish you eat, where you fish, and how frequently you consume the fish you catch, you can minimize your risk of consuming contaminated fish.\u00a0 Each Great Lakes state produces fish consumption advisories to guide you in making these decisions.\u00a0 These advisories are available at bait shops, by phone or on the internet.<\/p>\n<figure id=\"attachment_251\" aria-describedby=\"caption-attachment-251\" style=\"width: 428px\" class=\"wp-caption aligncenter\"><img loading=\"lazy\" decoding=\"async\" class=\" wp-image-251\" src=\"http:\/\/www.waukeganharborcag.com\/wp-content\/uploads\/2017\/11\/FishPrepEng-1-300x169.jpg\" alt=\"\" width=\"428\" height=\"241\" srcset=\"http:\/\/www.waukeganharborcag.com\/wp-content\/uploads\/2017\/11\/FishPrepEng-1-300x169.jpg 300w, http:\/\/www.waukeganharborcag.com\/wp-content\/uploads\/2017\/11\/FishPrepEng-1-768x432.jpg 768w, http:\/\/www.waukeganharborcag.com\/wp-content\/uploads\/2017\/11\/FishPrepEng-1.jpg 850w\" sizes=\"auto, (max-width: 428px) 100vw, 428px\" \/><figcaption id=\"caption-attachment-251\" class=\"wp-caption-text\">Fish Preparation Diagram<\/figcaption><\/figure>\n<p><strong>\u00bfC\u00f3mo puedo disminuir los riesgos de consumir pescado contaminado?<\/strong><\/p>\n<p>Usted puede disminuir los reisgos de consumir pescado contaminado tomando decisiones sabias sobre los tipos de pescado que consume, d\u00f3nde pesca, y cu\u00e1n frecuentemente consume el pescado que pesca.\u00a0 Cada uno de los estados alrededor de los Grandes Lagos produce folletos para guiarle al tomar sus decisiones de consumo.\u00a0 Estos folletos est\u00e1n disponibles en tiendas de pesca, por tel\u00e9fono o la internet.<\/p>\n<figure id=\"attachment_252\" aria-describedby=\"caption-attachment-252\" style=\"width: 366px\" class=\"wp-caption aligncenter\"><img loading=\"lazy\" decoding=\"async\" class=\" wp-image-252\" src=\"http:\/\/www.waukeganharborcag.com\/wp-content\/uploads\/2017\/11\/FishPrepSpn-1-300x167.jpg\" alt=\"\" width=\"366\" height=\"204\" srcset=\"http:\/\/www.waukeganharborcag.com\/wp-content\/uploads\/2017\/11\/FishPrepSpn-1-300x167.jpg 300w, http:\/\/www.waukeganharborcag.com\/wp-content\/uploads\/2017\/11\/FishPrepSpn-1-768x428.jpg 768w, http:\/\/www.waukeganharborcag.com\/wp-content\/uploads\/2017\/11\/FishPrepSpn-1-1024x571.jpg 1024w, http:\/\/www.waukeganharborcag.com\/wp-content\/uploads\/2017\/11\/FishPrepSpn-1.jpg 1337w\" sizes=\"auto, (max-width: 366px) 100vw, 366px\" \/><figcaption id=\"caption-attachment-252\" class=\"wp-caption-text\">Diagrama de Preparaci\u00f3n de Pescado<\/figcaption><\/figure>\n","protected":false},"excerpt":{"rendered":"<p>PCBs \/ Los PCBs What are PCBs? PCBs are a family of complex chemical compounds that were used historically as lubricants, hydraulic fluids, fire retardants and as a component of &hellip; <\/p>\n<p class=\"link-more\"><a href=\"http:\/\/www.waukeganharborcag.com\/?page_id=61\" class=\"more-link\">Continue reading<span class=\"screen-reader-text\"> &#8220;Polychlorinated Biphenyls (PCBs)&#8221;<\/span><\/a><\/p>\n","protected":false},"author":1,"featured_media":0,"parent":0,"menu_order":0,"comment_status":"closed","ping_status":"closed","template":"","meta":{"_exactmetrics_skip_tracking":false,"_exactmetrics_sitenote_active":false,"_exactmetrics_sitenote_note":"","_exactmetrics_sitenote_category":0,"footnotes":""},"class_list":["post-61","page","type-page","status-publish","hentry"],"yoast_head":"<!-- This site is optimized with the Yoast SEO plugin v26.5 - https:\/\/yoast.com\/wordpress\/plugins\/seo\/ -->\n<title>Polychlorinated Biphenyls (PCBs) - Waukegan Harbor Citizens&#039; Advisory Group (Waukegan Harbor CAG)<\/title>\n<meta name=\"robots\" content=\"index, follow, max-snippet:-1, max-image-preview:large, max-video-preview:-1\" \/>\n<link rel=\"canonical\" href=\"http:\/\/www.waukeganharborcag.com\/?page_id=61\" \/>\n<meta property=\"og:locale\" content=\"en_US\" \/>\n<meta property=\"og:type\" content=\"article\" \/>\n<meta property=\"og:title\" content=\"Polychlorinated Biphenyls (PCBs) - Waukegan Harbor Citizens&#039; Advisory Group (Waukegan Harbor CAG)\" \/>\n<meta property=\"og:description\" content=\"PCBs \/ Los PCBs What are PCBs? PCBs are a family of complex chemical compounds that were used historically as lubricants, hydraulic fluids, fire retardants and as a component of &hellip; Continue reading &quot;Polychlorinated Biphenyls (PCBs)&quot;\" \/>\n<meta property=\"og:url\" content=\"http:\/\/www.waukeganharborcag.com\/?page_id=61\" \/>\n<meta property=\"og:site_name\" content=\"Waukegan Harbor Citizens&#039; Advisory Group (Waukegan Harbor CAG)\" \/>\n<meta property=\"article:modified_time\" content=\"2017-12-08T21:48:45+00:00\" \/>\n<meta property=\"og:image\" content=\"http:\/\/www.waukeganharborcag.com\/wp-content\/uploads\/2017\/11\/FishPrepEng-1-300x169.jpg\" \/>\n<meta name=\"twitter:card\" content=\"summary_large_image\" \/>\n<meta name=\"twitter:label1\" content=\"Est. reading time\" \/>\n\t<meta name=\"twitter:data1\" content=\"3 minutes\" \/>\n<script type=\"application\/ld+json\" class=\"yoast-schema-graph\">{\"@context\":\"https:\/\/schema.org\",\"@graph\":[{\"@type\":\"WebPage\",\"@id\":\"http:\/\/www.waukeganharborcag.com\/?page_id=61\",\"url\":\"http:\/\/www.waukeganharborcag.com\/?page_id=61\",\"name\":\"Polychlorinated Biphenyls (PCBs) - Waukegan Harbor Citizens&#039; Advisory Group (Waukegan Harbor CAG)\",\"isPartOf\":{\"@id\":\"http:\/\/www.waukeganharborcag.com\/#website\"},\"primaryImageOfPage\":{\"@id\":\"http:\/\/www.waukeganharborcag.com\/?page_id=61#primaryimage\"},\"image\":{\"@id\":\"http:\/\/www.waukeganharborcag.com\/?page_id=61#primaryimage\"},\"thumbnailUrl\":\"http:\/\/www.waukeganharborcag.com\/wp-content\/uploads\/2017\/11\/FishPrepEng-1-300x169.jpg\",\"datePublished\":\"2017-11-05T01:52:39+00:00\",\"dateModified\":\"2017-12-08T21:48:45+00:00\",\"breadcrumb\":{\"@id\":\"http:\/\/www.waukeganharborcag.com\/?page_id=61#breadcrumb\"},\"inLanguage\":\"en-US\",\"potentialAction\":[{\"@type\":\"ReadAction\",\"target\":[\"http:\/\/www.waukeganharborcag.com\/?page_id=61\"]}]},{\"@type\":\"ImageObject\",\"inLanguage\":\"en-US\",\"@id\":\"http:\/\/www.waukeganharborcag.com\/?page_id=61#primaryimage\",\"url\":\"http:\/\/www.waukeganharborcag.com\/wp-content\/uploads\/2017\/11\/FishPrepEng-1.jpg\",\"contentUrl\":\"http:\/\/www.waukeganharborcag.com\/wp-content\/uploads\/2017\/11\/FishPrepEng-1.jpg\",\"width\":850,\"height\":478,\"caption\":\"Fish Preparation Diagram\"},{\"@type\":\"BreadcrumbList\",\"@id\":\"http:\/\/www.waukeganharborcag.com\/?page_id=61#breadcrumb\",\"itemListElement\":[{\"@type\":\"ListItem\",\"position\":1,\"name\":\"Home\",\"item\":\"http:\/\/www.waukeganharborcag.com\/\"},{\"@type\":\"ListItem\",\"position\":2,\"name\":\"Polychlorinated Biphenyls (PCBs)\"}]},{\"@type\":\"WebSite\",\"@id\":\"http:\/\/www.waukeganharborcag.com\/#website\",\"url\":\"http:\/\/www.waukeganharborcag.com\/\",\"name\":\"Waukegan Harbor Citizens&#039; Advisory Group (Waukegan Harbor CAG)\",\"description\":\"Working together to restore the beneficial uses of the Waukegan Harbor AOC.\",\"publisher\":{\"@id\":\"http:\/\/www.waukeganharborcag.com\/#organization\"},\"potentialAction\":[{\"@type\":\"SearchAction\",\"target\":{\"@type\":\"EntryPoint\",\"urlTemplate\":\"http:\/\/www.waukeganharborcag.com\/?s={search_term_string}\"},\"query-input\":{\"@type\":\"PropertyValueSpecification\",\"valueRequired\":true,\"valueName\":\"search_term_string\"}}],\"inLanguage\":\"en-US\"},{\"@type\":\"Organization\",\"@id\":\"http:\/\/www.waukeganharborcag.com\/#organization\",\"name\":\"Waukegan Harbor Citizens Advisory Group\",\"url\":\"http:\/\/www.waukeganharborcag.com\/\",\"logo\":{\"@type\":\"ImageObject\",\"inLanguage\":\"en-US\",\"@id\":\"http:\/\/www.waukeganharborcag.com\/#\/schema\/logo\/image\/\",\"url\":\"http:\/\/www.waukeganharborcag.com\/wp-content\/uploads\/2017\/11\/image008-e1510358587275.gif\",\"contentUrl\":\"http:\/\/www.waukeganharborcag.com\/wp-content\/uploads\/2017\/11\/image008-e1510358587275.gif\",\"width\":120,\"height\":120,\"caption\":\"Waukegan Harbor Citizens Advisory Group\"},\"image\":{\"@id\":\"http:\/\/www.waukeganharborcag.com\/#\/schema\/logo\/image\/\"}}]}<\/script>\n<!-- \/ Yoast SEO plugin. -->","yoast_head_json":{"title":"Polychlorinated Biphenyls (PCBs) - Waukegan Harbor Citizens&#039; Advisory Group (Waukegan Harbor CAG)","robots":{"index":"index","follow":"follow","max-snippet":"max-snippet:-1","max-image-preview":"max-image-preview:large","max-video-preview":"max-video-preview:-1"},"canonical":"http:\/\/www.waukeganharborcag.com\/?page_id=61","og_locale":"en_US","og_type":"article","og_title":"Polychlorinated Biphenyls (PCBs) - Waukegan Harbor Citizens&#039; Advisory Group (Waukegan Harbor CAG)","og_description":"PCBs \/ Los PCBs What are PCBs? PCBs are a family of complex chemical compounds that were used historically as lubricants, hydraulic fluids, fire retardants and as a component of &hellip; Continue reading \"Polychlorinated Biphenyls (PCBs)\"","og_url":"http:\/\/www.waukeganharborcag.com\/?page_id=61","og_site_name":"Waukegan Harbor Citizens&#039; Advisory Group (Waukegan Harbor CAG)","article_modified_time":"2017-12-08T21:48:45+00:00","og_image":[{"url":"http:\/\/www.waukeganharborcag.com\/wp-content\/uploads\/2017\/11\/FishPrepEng-1-300x169.jpg","type":"","width":"","height":""}],"twitter_card":"summary_large_image","twitter_misc":{"Est. reading time":"3 minutes"},"schema":{"@context":"https:\/\/schema.org","@graph":[{"@type":"WebPage","@id":"http:\/\/www.waukeganharborcag.com\/?page_id=61","url":"http:\/\/www.waukeganharborcag.com\/?page_id=61","name":"Polychlorinated Biphenyls (PCBs) - Waukegan Harbor Citizens&#039; Advisory Group (Waukegan Harbor CAG)","isPartOf":{"@id":"http:\/\/www.waukeganharborcag.com\/#website"},"primaryImageOfPage":{"@id":"http:\/\/www.waukeganharborcag.com\/?page_id=61#primaryimage"},"image":{"@id":"http:\/\/www.waukeganharborcag.com\/?page_id=61#primaryimage"},"thumbnailUrl":"http:\/\/www.waukeganharborcag.com\/wp-content\/uploads\/2017\/11\/FishPrepEng-1-300x169.jpg","datePublished":"2017-11-05T01:52:39+00:00","dateModified":"2017-12-08T21:48:45+00:00","breadcrumb":{"@id":"http:\/\/www.waukeganharborcag.com\/?page_id=61#breadcrumb"},"inLanguage":"en-US","potentialAction":[{"@type":"ReadAction","target":["http:\/\/www.waukeganharborcag.com\/?page_id=61"]}]},{"@type":"ImageObject","inLanguage":"en-US","@id":"http:\/\/www.waukeganharborcag.com\/?page_id=61#primaryimage","url":"http:\/\/www.waukeganharborcag.com\/wp-content\/uploads\/2017\/11\/FishPrepEng-1.jpg","contentUrl":"http:\/\/www.waukeganharborcag.com\/wp-content\/uploads\/2017\/11\/FishPrepEng-1.jpg","width":850,"height":478,"caption":"Fish Preparation Diagram"},{"@type":"BreadcrumbList","@id":"http:\/\/www.waukeganharborcag.com\/?page_id=61#breadcrumb","itemListElement":[{"@type":"ListItem","position":1,"name":"Home","item":"http:\/\/www.waukeganharborcag.com\/"},{"@type":"ListItem","position":2,"name":"Polychlorinated Biphenyls (PCBs)"}]},{"@type":"WebSite","@id":"http:\/\/www.waukeganharborcag.com\/#website","url":"http:\/\/www.waukeganharborcag.com\/","name":"Waukegan Harbor Citizens&#039; Advisory Group (Waukegan Harbor CAG)","description":"Working together to restore the beneficial uses of the Waukegan Harbor AOC.","publisher":{"@id":"http:\/\/www.waukeganharborcag.com\/#organization"},"potentialAction":[{"@type":"SearchAction","target":{"@type":"EntryPoint","urlTemplate":"http:\/\/www.waukeganharborcag.com\/?s={search_term_string}"},"query-input":{"@type":"PropertyValueSpecification","valueRequired":true,"valueName":"search_term_string"}}],"inLanguage":"en-US"},{"@type":"Organization","@id":"http:\/\/www.waukeganharborcag.com\/#organization","name":"Waukegan Harbor Citizens Advisory Group","url":"http:\/\/www.waukeganharborcag.com\/","logo":{"@type":"ImageObject","inLanguage":"en-US","@id":"http:\/\/www.waukeganharborcag.com\/#\/schema\/logo\/image\/","url":"http:\/\/www.waukeganharborcag.com\/wp-content\/uploads\/2017\/11\/image008-e1510358587275.gif","contentUrl":"http:\/\/www.waukeganharborcag.com\/wp-content\/uploads\/2017\/11\/image008-e1510358587275.gif","width":120,"height":120,"caption":"Waukegan Harbor Citizens Advisory Group"},"image":{"@id":"http:\/\/www.waukeganharborcag.com\/#\/schema\/logo\/image\/"}}]}},"_links":{"self":[{"href":"http:\/\/www.waukeganharborcag.com\/index.php?rest_route=\/wp\/v2\/pages\/61","targetHints":{"allow":["GET"]}}],"collection":[{"href":"http:\/\/www.waukeganharborcag.com\/index.php?rest_route=\/wp\/v2\/pages"}],"about":[{"href":"http:\/\/www.waukeganharborcag.com\/index.php?rest_route=\/wp\/v2\/types\/page"}],"author":[{"embeddable":true,"href":"http:\/\/www.waukeganharborcag.com\/index.php?rest_route=\/wp\/v2\/users\/1"}],"replies":[{"embeddable":true,"href":"http:\/\/www.waukeganharborcag.com\/index.php?rest_route=%2Fwp%2Fv2%2Fcomments&post=61"}],"version-history":[{"count":5,"href":"http:\/\/www.waukeganharborcag.com\/index.php?rest_route=\/wp\/v2\/pages\/61\/revisions"}],"predecessor-version":[{"id":498,"href":"http:\/\/www.waukeganharborcag.com\/index.php?rest_route=\/wp\/v2\/pages\/61\/revisions\/498"}],"wp:attachment":[{"href":"http:\/\/www.waukeganharborcag.com\/index.php?rest_route=%2Fwp%2Fv2%2Fmedia&parent=61"}],"curies":[{"name":"wp","href":"https:\/\/api.w.org\/{rel}","templated":true}]}}